= -l - 3*p + 18. What is the units digit of l?
3
Let j be (-4)/(-3)*6/(-4). Let r be (-4 + (2 - j))/(-1). What is the tens digit of r + 3 - (-3 + -33)?
3
Let m = 87 - 185. Let h = m + 251. What is the units digit of h?
3
Suppose -67*q - 65880 = -87*q. What is the hundreds digit of q?
2
Let s be (-52)/13 + 1*4. Suppose k - 3*k + 98 = s. What is the units digit of k?
9
Let a = 58 - 2. What is the units digit of (-2)/16 - (-8631)/a?
4
Suppose 0 = -3*j - 5*w + 176, 3*j - 245 + 55 = 2*w. Suppose 2*o = 5*i - 425, -i - j = -2*i + 5*o. What is the units digit of i?
7
Let a = 1189 + -469. What is the tens digit of a?
2
Let h be ((-27)/6)/((-4)/(-712)). Let a be h/(-18) - (-2)/(-4). Suppose a = 3*i - 3*o - 37, 2*i - 5*o = 69. What is the units digit of i?
2
Suppose -36*g + 28*g + 2048 = 0. What is the tens digit of g?
5
Suppose 0*p + 3*p - 17 = -x, 0 = -5*x - p + 15. Let g = 2 + x. Let u = g - 3. What is the units digit of u?
1
Let g(j) = 23*j - 41. What is the units digit of g(4)?
1
Let b be (-6 - -5)/(1/(-5)). Suppose 4*u - 64 = -2*h - 2*h, 14 = -u + b*h. Let o(q) = -q + 18. What is the units digit of o(u)?
7
Let m(h) = -3*h**3 - 10*h**2 + 5*h - 1. Let i be m(-6). Let f = -150 + i. What is the units digit of f?
7
Suppose 2*b + 2122 - 8040 = 0. What is the units digit of b?
9
Let v be (-1*1)/(3/(-111)). Let r(p) = p**3 - 4*p**2 + 2*p + 1. Let z be r(4). Let c = v - z. What is the units digit of c?
8
Suppose 0 = 3*z - 4*w - 19, -29 = 2*z - 7*z + 4*w. Let o = 10 - z. Suppose 2*y = -o*f + 148, 2*y - 4*f - 120 = -2*f. What is the units digit of y?
4
Suppose -4*u + 8 = -0. Suppose -u*n + 30 + 10 = 0. Let h = n - -6. What is the tens digit of h?
2
Let n(s) be the second derivative of 13*s**5/5 + s**4/6 - s**2/2 + s. Let x be n(1). Suppose -3*z + x + 37 = 0. What is the tens digit of z?
3
Let l(z) = z**3 - 11*z**2 - 11*z - 16. Let b be l(12). Let w = 18 + b. What is the tens digit of w?
1
Let h(y) = y**3 + 4*y**2 - 14*y - 1. Let l = -78 - -84. What is the units digit of h(l)?
5
Let q(d) = 10 + 318*d**2 + 7*d - 22*d - 319*d**2. What is the units digit of q(-7)?
6
Suppose 3*r - 17 = -5*g, -2*r + 3*g = 2*g - 7. Suppose -r*m + u + 596 = -0*m, -u + 604 = 4*m. What is the hundreds digit of m?
1
Let c(y) = -14*y + 48. What is the tens digit of c(-27)?
2
Let w = 3320 - 1654. What is the hundreds digit of w?
6
Let l(y) = 18*y**3 - 2*y**2 + 1. Let m = 15 + -16. Let f be l(m). Let j = f + 33. What is the units digit of j?
4
Suppose i - 221 = p, 5*p - 903 = -4*i + 26. Suppose 0 = -j + 2*k + 69, -4*j - 2*k + i = -0*k. What is the tens digit of j?
5
Let o be (0 - 5)*(-24)/(-15). Let m be (-22)/o + (-21)/28. Suppose c = 2*c - m. What is the units digit of c?
2
Let q(c) = 7*c**2 + 25*c + 17. What is the units digit of q(-10)?
7
Let j be 1/(1/16*4). Suppose 0 = j*h - 134 - 26. Suppose -2*l + h = 2*a, -4*l - 3*a + 88 = -7*a. What is the units digit of l?
1
Suppose 35 - 130 = -5*o. Let p = o - 1. What is the units digit of p?
8
Suppose 5*x + 2*a = 247, 2*x - 110 = -2*a - 10. Suppose -t = -30 - x. What is the tens digit of t?
7
Suppose -7*n + 4857 = -2969. What is the units digit of n?
8
Suppose -4*q = -o + q + 790, 4*o + 2*q = 3072. What is the hundreds digit of o?
7
Let d(k) = k + 19. Let h be d(-9). Suppose 4*i - h = 3*i. Let n = 15 + i. What is the units digit of n?
5
What is the units digit of 7 + -11 + (-1 + -4739)/(-5)?
4
Suppose m - 86 = 3*m + 2*v, 0 = 5*m + v + 223. Let k = m + 115. Suppose 0 = -g - a + 29, -4*a - k = -3*g + 45. What is the tens digit of g?
3
Let t(j) = j**2 - 18*j + 2. Let r be t(18). Let s be -3 + (9 + 1)/r. Suppose -2*f + 2*k - 3*k + 82 = 0, 3*k - 74 = -s*f. What is the tens digit of f?
4
Let w(p) = 3*p**2 - 7*p - 19. Let v(k) = 2*k + 4. Let l be v(2). What is the units digit of w(l)?
7
Let a(d) be the first derivative of -d**3/3 - 10*d**2 + 25*d + 6. What is the tens digit of a(-18)?
6
Let u(f) = -f**3 + 6*f**2 + 6*f + 7. Let v be u(7). Let r(t) = t + 21. Let j be r(v). Let q = j - 14. What is the units digit of q?
7
Suppose 113 = 3*t - 2*t + 3*v, -2*t + 271 = -3*v. Suppose -3*l + 118 = -t. What is the tens digit of l?
8
Suppose 0 = -13*w + 15*w - 2, 5*u + w - 6316 = 0. What is the thousands digit of u?
1
Let i(f) = 6*f**2 - f - 2. Suppose -2*m + 20 = -4*m. Let b = 12 + m. What is the units digit of i(b)?
0
Let u(x) = 4*x**2 - 10*x + 72. What is the units digit of u(8)?
8
Suppose -4*y + y = 0. Suppose -6*f + y*f + 708 = 0. Suppose 0 = -5*k + f + 67. What is the units digit of k?
7
Let q(c) = 4*c**3 - 4*c + 8. Let i(t) = -5*t + 2 + 2 + 5*t**3 - 2 + 6 - t**2. Let b(d) = 5*i(d) - 6*q(d). What is the units digit of b(6)?
2
Suppose -2*m + 4*v + 1066 = 0, -m - v + 1599 = 2*m. What is the hundreds digit of m?
5
Suppose -20*j - 459 + 5299 = 0. What is the tens digit of j?
4
Suppose -3*p - 2*l + 63 = 0, -3*p - 5*l + 69 = 15. Let b = p + -20. What is the units digit of b?
3
Let b = 150 - 122. Suppose -u - 9 = -v, v - 2 = 3*v + 2*u. Suppose 4*s - b + v = 0. What is the units digit of s?
6
Let f(r) = -r**3 + 7*r**2 - 12. Let y be f(5). What is the tens digit of y + 2*3/6?
3
Let r = -9 + 71. Let q = 42 + -32. Suppose -q = -3*x + r. What is the tens digit of x?
2
Let c be 2*(1 - 2) - -159. Suppose -64 = z + 33. Let u = c + z. What is the units digit of u?
0
Let n = 276 + -254. What is the units digit of n?
2
Let y be -2*(27/(-6) + 3). Let w be (y + -2)/((-1)/(-26)). Suppose -44 = -3*u + g - 5*g, 2*u + g - w = 0. What is the tens digit of u?
1
Suppose 18 = -i + 10*i. Suppose -i*u + 765 = u. What is the hundreds digit of u?
2
Suppose 8*t + 10 = 13*t. Suppose -4*g = 7*b - t*b, -5*b + 20 = 0. What is the units digit of (-3)/g + (-1413)/(-45)?
2
Let h = 1883 + 526. What is the hundreds digit of h?
4
Let r(t) = 4*t**2 - 26*t + 14. Suppose -3*a = -47 + 17. What is the tens digit of r(a)?
5
Let o(r) = 2*r + 1 + 2*r - 3*r + 2. Let l be o(0). What is the tens digit of 20 - 2/(-6)*l?
2
Let c be (-2)/5*(38 + -18). Let x(v) = -3*v - 14. Let z be x(c). What is the units digit of z - 5/((-15)/12)?
4
Let m(x) = -x**2 - 11*x + 9. Let o be m(-10). Let t = 14 - o. What is the units digit of (t - -1)/(32/(-176))?
2
Let o = -26 - -31. Let i = 41 + o. Let v = i + 18. What is the tens digit of v?
6
Let x(w) = -w**3 + 3. Let a be x(0). Suppose 0 - 18 = -a*p. Suppose p*r - 7*r = -28. What is the tens digit of r?
2
Suppose 25*m - 27*m = -8. Suppose 2*x - 152 = 5*t, 4*x = 2*x - m*t + 134. What is the units digit of x?
1
Suppose -471 = -6*j - 405. What is the tens digit of j?
1
Suppose 280 = -10*a + 930. What is the tens digit of a?
6
Let t be ((-2)/(-2))/(1 - (-4)/(-8)). Suppose 25 = t*r - 5*p, -5*r - p = 79 - 209. What is the units digit of r?
5
Suppose 21*o = 59358 - 12864. What is the hundreds digit of o?
2
Let j(a) = a**3 + 3*a**2 - 5*a - 1. Let w be j(-4). Let l be (-1)/(-5)*(w + 2). Let g = l + 8. What is the units digit of g?
9
Let p = 530 - 355. Let a = p - 120. What is the tens digit of a?
5
Suppose 4*o + 2*z = 2702, -2*o + o + 2*z = -673. Suppose 2*b - o = -5*k, -174 = -4*k + 5*b + 366. What is the units digit of k?
5
Suppose -l = -3*l. Suppose -2*u - 2*r - 6 = l, 2*u + u - r - 3 = 0. Suppose s + 0*s = -5*k - 1, 2*s + 2*k - 14 = u. What is the units digit of s?
9
What is the tens digit of 1285/2 + (-60)/(-40)?
4
Let n be (-3)/(-3) - (3 - 0). Let y be (0 + n)/(6/(-411)). Suppose 0 = -5*k + a + 135, 6*k = 2*k - 5*a + y. What is the tens digit of k?
2
Let m(v) = 2*v**3 - 3*v**2 + 8*v + 13. What is the units digit of m(8)?
9
Let t(p) = p**3 - 9*p**2 - 27*p + 26. What is the hundreds digit of t(12)?
1
Let j = 1 + -376. What is the units digit of (86/10 + -1)/((-15)/j)?
0
Suppose -140 = 4*y - 5*y. Let t = y - 84. Suppose 2*v - t = -m - 4, -196 = -4*m - 5*v. What is the tens digit of m?
4
Let q(b) = b**3 + 15*b**2 - 19*b - 79. What is the tens digit of q(-12)?
8
Suppose -225344 = -44*m - 12*m. What is the units digit of m?
4
Suppose 0 = -43*l + 19*l + 27936. What is the tens digit of l?
6
Let y(b) = b**3 - 13*b**2 - 15*b - 11. Let l be y(14). What is the tens digit of -6 + l/(-5) + 46?
4
Suppose -7*d + 4*j = -9*d + 5698, -5*d + 14201 = -j. What is the thousands digit of d?
2
Let p(i) = 2*i**2 + 17*i + 71. What is the hundreds digit of p(19)?
1
Let m(a) = -3*a**2 - 2*a - 2. Let q be